c + h = 4*h - 81, -5*h = -5*c + 145. Let j(q) = 28*q**2 - 5*q - 3. Let k be j(-3). Calculate the highest common divisor of k and c.
24
Suppose -5*w - 60 = 210. Let b = 90 - w. Let f be (b/30)/((-1)/(-15)). Calculate the highest common factor of 18 and f.
18
Suppose 0 = 4*a + 20, -5*g + a + 85 = 2*a. Suppose 0 = 3*i - 9 - g. Calculate the highest common divisor of 72 and i.
9
Let c = 53 - 21. Let k = 87 - c. Calculate the highest common divisor of 22 and k.
11
Let o = 73 + -47. What is the greatest common divisor of 39 and o?
13
Let c be -9 - (0/1 + 2). Let r = c + 19. What is the greatest common divisor of r and 72?
8
Let f(v) be the second derivative of -v**3/3 + 5*v**2 + v. Let t be f(-9). What is the greatest common factor of t and 42?
14
Suppose 0 = -5*s - 2*d + 10, -5*s = -2*d - 16 - 14. Let u be s/10 + 46/10. What is the highest common divisor of u and 40?
5
Suppose -2*o = -4*t + 192, -196 = -4*t + o - 0*o. Suppose 5*y - t = 3*y. What is the greatest common factor of 25 and y?
25
Suppose 5*w - 26 = -1. Suppose 0 = w*k - 27 + 2. What is the highest common factor of k and 10?
5
Let g be 11 + 0 + (-2)/(-2). Let c = g + 0. Let x(r) = r**2 - 4*r - 6. Let j be x(6). What is the greatest common factor of j and c?
6
Suppose 6*z - 12 = 5*z. What is the highest common divisor of z and 60?
12
Let o be 1*(-6)/2 + -1. Let h(t) = t**2 - t - 3. Let z be h(o). Let j = 61 + 7. What is the highest common factor of z and j?
17
Let y(b) = -b + 25. Let h = 1 + -1. Let p be y(h). What is the greatest common factor of p and 10?
5
Let g(x) = x**2 + 11*x + 13. Let v be g(-10). Suppose 5*c - 1160 = -5*r, r - v*c - 464 = -r. Calculate the highest common divisor of r and 29.
29
Let s be (8 - 4) + (-9)/(-3). Calculate the greatest common factor of 7 and s.
7
Let v be (-4)/14 - (1970/(-35) + 0). What is the greatest common divisor of 84 and v?
28
Let t = -2 + 7. Suppose 4*r + 18 = 2. Let n(b) = -b**2 - 4*b + 1. Let f be n(r). Calculate the greatest common divisor of t and f.
1
Let q = 10 - 15. Let b = -3 - q. Suppose s = b + 7. What is the greatest common divisor of s and 3?
3
Let h = 22 + 108. Calculate the highest common factor of 52 and h.
26
Suppose -29 - 32 = -x. Suppose -3*h - x = -253. Calculate the highest common factor of h and 16.
16
Suppose -17 = -5*i - 2. What is the greatest common factor of i and 24?
3
Suppose -2*z = 3*z + 15, 4*v + z = 37. Calculate the highest common factor of v and 10.
10
Let h = -110 + 227. What is the greatest common divisor of h and 13?
13
Let w be (-4)/(-2) + 10 + -4. Calculate the greatest common divisor of 8 and w.
8
Let i(y) = -y**2 - 8*y - 6. Let j be i(-7). What is the greatest common divisor of 4 and j?
1
Let w be 2/(-5)*(-5 - 0). Suppose 0*l - 110 = -5*l. What is the highest common divisor of w and l?
2
Let r = 15 - 10. Suppose 4*z - r = -1. Let d = -4 - -5. Calculate the highest common divisor of z and d.
1
Let r(y) = 13*y - 3. Let h(w) = 4*w - 1. Let n(j) = 21*h(j) - 6*r(j). Let f be n(2). Let p = -188 - -287. What is the greatest common divisor of p and f?
9
Let y(k) = -24*k - 8. Let c be (-10)/(-35) + (-74)/14. Let x be y(c). What is the greatest common factor of x and 14?
14
Let g(k) = -k**3 + 2*k**2 - 2*k. Let v be g(2). Suppose d = 3*q + 6 - 25, -q + 2 = 4*d. Let c = v + q. Calculate the highest common divisor of c and 6.
2
Let m(h) = -26*h**3 - 1. Suppose 2*v + 2 = -0. Let c be m(v). Calculate the greatest common factor of 5 and c.
5
Let i(l) = -l**3 + 117. Let p be i(0). Suppose -y + 13 = -5*x, -65 = -5*y - 0*x - 3*x. Calculate the greatest common divisor of y and p.
13
Let p(k) = 1 - 4*k + 6*k + 2*k + 3*k. Let b be p(3). Calculate the highest common factor of 110 and b.
22
Let q(a) = 3*a**2 - 4*a - 7. Let u be q(6). Let s be (-6)/39 - 725/(-65). Calculate the highest common factor of s and u.
11
Let h be -1 + 5*2 + -2. Let y = 90 - 76. Calculate the greatest common factor of h and y.
7
Let d = 32 - 65. Let w = d + 93. What is the highest common factor of 24 and w?
12
Suppose 0 = -3*y - y + 252. What is the greatest common factor of y and 42?
21
Suppose -v - 2*v = 3*b - 435, -2*v = -10. Let c(h) = 3*h**2 + 2. Let t be c(2). What is the highest common divisor of b and t?
14
Let a be 3/(-5)*(-1 - 4). Suppose 0 = -m + a*m - 2. Calculate the greatest common factor of m and 1.
1
Suppose 2*s + 5*k - 19 = 136, -2*k - 242 = -3*s. Let m = 13 - 5. Let p = 12 + m. What is the greatest common divisor of s and p?
20
Let c = 1 - -11. What is the highest common factor of c and 4?
4
Let p = -6 + 9. Calculate the highest common divisor of 12 and p.
3
Suppose -4*f + 241 = 1. What is the highest common divisor of f and 24?
12
Let x = 0 + 2. Let p = 49 + -35. Calculate the highest common divisor of x and p.
2
Let k be 2*-2 - (-1 + 3). Let y = k + -6. Let o = y + 20. What is the greatest common divisor of o and 40?
8
Let z = 12 - -9. Calculate the greatest common divisor of 189 and z.
21
Let t be 30/7 - (-4)/(-14). Let z be (-8)/36 + (-292)/(-18). Calculate the greatest common divisor of t and z.
4
Let w be 2*((-5)/(-2) - -2). Let n = -9 - -9. Suppose 4*y - 334 + 46 = n. What is the greatest common factor of w and y?
9
Let v = -36 - -50. Calculate the highest common divisor of 154 and v.
14
Suppose 3*l = 13 - 4. What is the greatest common divisor of l and 3?
3
Suppose 4*i - 4*o = -8, o + o - 12 = 4*i. Let y = i - -7. Suppose a - 88 = -y*a. What is the highest common factor of a and 33?
11
Let x = -17 + 5. Let p = x + 20. Suppose 0 = 6*d - d - 200. Calculate the highest common factor of p and d.
8
Let g be 23/(-7) - (-4)/14. Let j(z) = 0*z**2 + z**2 - 3*z + 2*z. Let o be j(g). What is the greatest common factor of o and 12?
12
Suppose s - 8 = -0. Suppose s*k - 45 = 3*k. What is the highest common divisor of k and 18?
9
Let k = 172 - 96. What is the highest common divisor of k and 19?
19
Suppose 0 = -3*f - 0*f. Suppose f = -5*b + 3 + 2. What is the highest common factor of 1 and b?
1
Let m = 142 + -94. What is the highest common factor of 80 and m?
16
Let x be (2/4)/((-1)/(-48)). Suppose -3*z = -4*z + 5. Suppose -2*a = -z*a + 48. What is the greatest common divisor of x and a?
8
Let w be (-4)/(-2)*-1*4. Let v(m) = -m**2 - 4*m**2 + 7*m - m**3 - 2*m**2 - 7. Let r be v(w). What is the greatest common divisor of r and 2?
1
Let b = 337 - 237. Calculate the greatest common divisor of 40 and b.
20
Let m = 95 - 0. Suppose -m = -5*g - 5*l, -2*g + 16 = l - 27. What is the highest common factor of g and 8?
8
Let c be (-5)/(-1 + 2 - 2). Suppose 8 - 113 = -c*m. Suppose 63 = 3*a - m. Calculate the greatest common divisor of a and 42.
14
Let b(u) = 5*u - 4. Let x be b(3). What is the highest common factor of 88 and x?
11
Let j(v) = v**3 - 4*v**2 + 7*v - 4. Let h be j(6). What is the greatest common divisor of 10 and h?
10
Let u = 45 - 25. Let t(h) = 9*h + 1. Let p(m) = -m**2 + 4*m - 2. Let a be p(3). Let o be t(a). What is the highest common factor of u and o?
10
Suppose c = 6 + 6. Let g = -2 - -4. Let m be g*3/(c/14). What is the highest common divisor of 14 and m?
7
Let d(a) = a - 3. Let s be d(8). Suppose s*f = 2*f + 312. Suppose 10 = p - 3. Calculate the greatest common factor of p and f.
13
Suppose -3*g = 5*o - 67, -o - 8 = -4*g + 66. What is the greatest common factor of g and 171?
19
Let r = -17 - 62. Let p = r - -127. What is the greatest common divisor of 12 and p?
12
Let b = 130 - 82. Suppose -2*m = 3*p - 22, 2 = -2*m - 0. Calculate the highest common divisor of b and p.
8
Suppose -h - 2*h = -2*z - 276, -5*z = -5*h + 465. Let f be 3*2*6/18. Let s be (2/f)/(3/30). What is the highest common factor of s and h?
10
Suppose f - 3*f + 12 = 0. Let p(j) = j**2 - 3*j - 7. Let q be p(5). What is the greatest common divisor of q and f?
3
Suppose 12 + 17 = 2*p + 5*j, -4*j = 3*p - 61. Let b be (-8)/(2 + 1 + -4). Suppose 172 = b*m - 44. Calculate the highest common divisor of p and m.
27
Let o be (-30 - 1)/1 - 1. Suppose 0*u + 3*u = -159. Let l = o - u. Calculate the greatest common factor of 14 and l.
7
Suppose 3*k + 19 = 2*x, -4*x - x = -2*k - 31. Let d be k + 158 + 6/(-3). Calculate the greatest common divisor of d and 17.
17
Let g be 0/4 - (0 - -2). Let w be 42*((-7)/(-2) + g). What is the greatest common factor of 7 and w?
7
Let g = 14 + 28. Su